{"id":41,"date":"2024-06-13T16:15:12","date_gmt":"2024-06-13T16:15:12","guid":{"rendered":"https:\/\/villamarinaoasis.es\/?page_id=41"},"modified":"2024-06-14T16:03:17","modified_gmt":"2024-06-14T16:03:17","slug":"playa-blanca","status":"publish","type":"page","link":"https:\/\/villamarinaoasis.es\/index.php\/playa-blanca\/","title":{"rendered":"Lanzarote"},"content":{"rendered":"\n<div class=\"wp-block-group alignfull has-accent-5-background-color has-background has-global-padding is-layout-constrained wp-container-core-group-is-layout-d89aad35 wp-block-group-is-layout-constrained\" style=\"margin-top:0;margin-bottom:0;padding-top:var(--wp--preset--spacing--50);padding-right:var(--wp--preset--spacing--50);padding-bottom:var(--wp--preset--spacing--50);padding-left:var(--wp--preset--spacing--50)\">\n<div class=\"wp-block-columns alignwide is-layout-flex wp-container-core-columns-is-layout-1da03c2a wp-block-columns-is-layout-flex\">\n<div class=\"wp-block-column is-vertically-aligned-center is-layout-flow wp-block-column-is-layout-flow\" style=\"flex-basis:60%\">\n<figure class=\"wp-block-image size-full is-style-default wp-duotone-unset-1\"><img loading=\"lazy\" decoding=\"async\" width=\"1921\" height=\"1309\" src=\"https:\/\/villamarinaoasis.es\/wp-content\/uploads\/2024\/06\/51-copia.jpg\" alt=\"\" class=\"wp-image-17\" style=\"aspect-ratio:4\/3;object-fit:cover\" srcset=\"https:\/\/villamarinaoasis.es\/wp-content\/uploads\/2024\/06\/51-copia.jpg 1921w, https:\/\/villamarinaoasis.es\/wp-content\/uploads\/2024\/06\/51-copia-300x204.jpg 300w, https:\/\/villamarinaoasis.es\/wp-content\/uploads\/2024\/06\/51-copia-1024x698.jpg 1024w, https:\/\/villamarinaoasis.es\/wp-content\/uploads\/2024\/06\/51-copia-768x523.jpg 768w, https:\/\/villamarinaoasis.es\/wp-content\/uploads\/2024\/06\/51-copia-1536x1047.jpg 1536w\" sizes=\"auto, (max-width: 1921px) 100vw, 1921px\" \/><\/figure>\n<\/div>\n\n\n\n<div class=\"wp-block-column is-layout-flow wp-block-column-is-layout-flow\" style=\"flex-basis:40%\">\n<h2 class=\"wp-block-heading\">La isla<\/h2>\n\n\n\n<p>Lanzarote, una de las joyas de las Islas Canarias, es el destino ideal para unas vacaciones inolvidables.<\/p>\n\n\n\n<p><\/p>\n\n\n\n<p>Con sus impresionantes paisajes volc\u00e1nicos, playas de arena dorada y un clima envidiable durante todo el a\u00f1o, Lanzarote ofrece una experiencia \u00fanica para todos los viajeros.<\/p>\n<\/div>\n<\/div>\n<\/div>\n\n\n\n<div class=\"wp-block-group alignfull has-global-padding is-layout-constrained wp-container-core-group-is-layout-301020a0 wp-block-group-is-layout-constrained\" style=\"padding-top:var(--wp--preset--spacing--50);padding-right:var(--wp--preset--spacing--50);padding-bottom:var(--wp--preset--spacing--50);padding-left:var(--wp--preset--spacing--50)\">\n<div class=\"wp-block-columns alignwide is-layout-flex wp-container-core-columns-is-layout-08c01c1c wp-block-columns-is-layout-flex\">\n<div class=\"wp-block-column is-layout-flow wp-block-column-is-layout-flow\" style=\"flex-basis:33%\">\n<p class=\"has-heading-font-family has-large-font-size\" style=\"line-height:1.2\"><strong>\u00bfPor Qu\u00e9 Elegir Lanzarote?<\/strong><\/p>\n<\/div>\n\n\n\n<div class=\"wp-block-column is-layout-flow wp-container-core-column-is-layout-119bc444 wp-block-column-is-layout-flow\">\n<div class=\"wp-block-group is-nowrap is-layout-flex wp-container-core-group-is-layout-877c468d wp-block-group-is-layout-flex\">\n<div class=\"wp-block-group is-vertical is-content-justification-left is-nowrap is-layout-flex wp-container-core-group-is-layout-970da055 wp-block-group-is-layout-flex\">\n<p style=\"font-style:normal;font-weight:500\"><strong>Clima Perfecto Todo el A\u00f1o<\/strong><\/p>\n\n\n\n<p>Lanzarote disfruta de un clima templado y soleado, ideal para unas vacaciones en cualquier \u00e9poca del a\u00f1o.<\/p>\n<\/div>\n\n\n\n<div class=\"wp-block-group is-vertical is-nowrap is-layout-flex wp-container-core-group-is-layout-3655d5c7 wp-block-group-is-layout-flex\">\n<p style=\"font-style:normal;font-weight:500\"><strong>Playas Impresionantes<\/strong><\/p>\n\n\n\n<p>Desde las tranquilas aguas de Playa Blanca hasta las olas de Famara, Lanzarote tiene playas para todos los gustos.<\/p>\n<\/div>\n<\/div>\n\n\n\n<div class=\"wp-block-group is-nowrap is-layout-flex wp-container-core-group-is-layout-877c468d wp-block-group-is-layout-flex\">\n<div class=\"wp-block-group is-vertical is-nowrap is-layout-flex wp-container-core-group-is-layout-3655d5c7 wp-block-group-is-layout-flex\">\n<p style=\"font-style:normal;font-weight:500\"><strong>Naturaleza y Aventuras<\/strong><\/p>\n\n\n\n<p>Explora el Parque Nacional de Timanfaya, los Jameos del Agua y la Cueva de los Verdes. \u00a1La aventura te espera en cada rinc\u00f3n!<\/p>\n<\/div>\n\n\n\n<div class=\"wp-block-group is-vertical is-nowrap is-layout-flex wp-container-core-group-is-layout-3655d5c7 wp-block-group-is-layout-flex\">\n<p style=\"font-style:normal;font-weight:500\"><strong>Cultura y Gastronom\u00eda<\/strong><\/p>\n\n\n\n<p>Degusta la cocina local y descubre la rica cultura e historia de la isla, desde sus festivales hasta sus mercados artesanales.<\/p>\n<\/div>\n<\/div>\n<\/div>\n<\/div>\n<\/div>\n\n\n\n<div class=\"wp-block-group alignfull has-accent-5-background-color has-background has-global-padding is-layout-constrained wp-container-core-group-is-layout-d89aad35 wp-block-group-is-layout-constrained\" style=\"margin-top:0;margin-bottom:0;padding-top:var(--wp--preset--spacing--50);padding-right:var(--wp--preset--spacing--50);padding-bottom:var(--wp--preset--spacing--50);padding-left:var(--wp--preset--spacing--50)\">\n<h2 class=\"wp-block-heading has-text-align-center\">Descubre las mejores playas cerca de tu villa en Lanzarote<\/h2>\n\n\n\n<div style=\"height:24px\" aria-hidden=\"true\" class=\"wp-block-spacer\"><\/div>\n\n\n\n<div class=\"wp-block-columns alignwide is-layout-flex wp-container-core-columns-is-layout-1da03c2a wp-block-columns-is-layout-flex\">\n<div class=\"wp-block-column is-vertically-aligned-center is-layout-flow wp-block-column-is-layout-flow\" style=\"flex-basis:60%\">\n<figure class=\"wp-block-image size-full is-style-default wp-duotone-unset-2\"><img loading=\"lazy\" decoding=\"async\" width=\"2560\" height=\"1152\" src=\"https:\/\/villamarinaoasis.es\/wp-content\/uploads\/2024\/06\/IMG_20210925_073324-scaled.jpg\" alt=\"\" class=\"wp-image-112\" style=\"aspect-ratio:4\/3;object-fit:cover\" srcset=\"https:\/\/villamarinaoasis.es\/wp-content\/uploads\/2024\/06\/IMG_20210925_073324-scaled.jpg 2560w, https:\/\/villamarinaoasis.es\/wp-content\/uploads\/2024\/06\/IMG_20210925_073324-300x135.jpg 300w, https:\/\/villamarinaoasis.es\/wp-content\/uploads\/2024\/06\/IMG_20210925_073324-1024x461.jpg 1024w, https:\/\/villamarinaoasis.es\/wp-content\/uploads\/2024\/06\/IMG_20210925_073324-768x346.jpg 768w, https:\/\/villamarinaoasis.es\/wp-content\/uploads\/2024\/06\/IMG_20210925_073324-1536x691.jpg 1536w, https:\/\/villamarinaoasis.es\/wp-content\/uploads\/2024\/06\/IMG_20210925_073324-2048x922.jpg 2048w\" sizes=\"auto, (max-width: 2560px) 100vw, 2560px\" \/><\/figure>\n<\/div>\n\n\n\n<div class=\"wp-block-column is-layout-flow wp-block-column-is-layout-flow\" style=\"flex-basis:40%\">\n<h3 class=\"wp-block-heading\">Playa Blanca<\/h3>\n\n\n\n<p><\/p>\n\n\n\n<p>Playa Blanca es una de las principales zonas tur\u00edsticas de Lanzarote, famosa por sus playas de arena blanca y aguas cristalinas. Puedes encontrarla a <strong>10 minutos andando<\/strong> del alojamiento y puedes disfrutar de:<\/p>\n\n\n\n<p><\/p>\n\n\n\n<ul class=\"wp-block-list\">\n<li><strong>Ambiente Familiar:<\/strong> Playa Blanca es perfecta para familias gracias a su ambiente tranquilo y seguro.<\/li>\n\n\n\n<li><strong>Actividades Acu\u00e1ticas:<\/strong> Desde snorkel hasta paseos en barco, hay muchas opciones para disfrutar del mar.<\/li>\n\n\n\n<li><strong>Restaurantes y Tiendas:<\/strong> La zona est\u00e1 llena de excelentes restaurantes, bares y tiendas, lo que la convierte en un lugar ideal para pasar el d\u00eda.<\/li>\n<\/ul>\n\n\n\n<div class=\"wp-block-buttons is-layout-flex wp-block-buttons-is-layout-flex\"><\/div>\n<\/div>\n<\/div>\n<\/div>\n\n\n\n<div class=\"wp-block-group alignfull has-global-padding is-layout-constrained wp-container-core-group-is-layout-d89aad35 wp-block-group-is-layout-constrained\" style=\"margin-top:0;margin-bottom:0;padding-top:var(--wp--preset--spacing--50);padding-right:var(--wp--preset--spacing--50);padding-bottom:var(--wp--preset--spacing--50);padding-left:var(--wp--preset--spacing--50)\">\n<div class=\"wp-block-columns alignwide are-vertically-aligned-center is-layout-flex wp-container-core-columns-is-layout-47c06fe3 wp-block-columns-is-layout-flex\">\n<div class=\"wp-block-column is-vertically-aligned-center is-layout-flow wp-block-column-is-layout-flow\" style=\"flex-basis:50%\">\n<h3 class=\"wp-block-heading\">Playa Dorada<\/h3>\n\n\n\n<p><\/p>\n\n\n\n<p>Playa Dorada es conocida por su arena dorada y su ambiente relajado. Es un destino perfecto para quienes buscan tranquilidad y belleza natural. Podr\u00e1s disfrutar de esta playa que est\u00e1 a <strong>4 minutos en coche<\/strong>.<\/p>\n\n\n\n<p><\/p>\n\n\n\n<ul class=\"wp-block-list\">\n<li><strong>Aguas Tranquilas:<\/strong> Ideal para nadar y disfrutar de un d\u00eda relajante bajo el sol.<\/li>\n\n\n\n<li><strong>Deportes Acu\u00e1ticos:<\/strong> Ofrece opciones para practicar deportes como el paddle surf.<\/li>\n\n\n\n<li><strong>Cercan\u00eda a Servicios:<\/strong> A pocos minutos de la playa encontrar\u00e1s restaurantes, tiendas y otras comodidades.<\/li>\n<\/ul>\n<\/div>\n\n\n\n<div class=\"wp-block-column is-vertically-aligned-center is-layout-flow wp-block-column-is-layout-flow\" style=\"flex-basis:50%\">\n<figure class=\"wp-block-image size-full is-style-default\"><img loading=\"lazy\" decoding=\"async\" width=\"2560\" height=\"1152\" src=\"https:\/\/villamarinaoasis.es\/wp-content\/uploads\/2024\/06\/IMG_20210925_073429-scaled.jpg\" alt=\"\" class=\"wp-image-111\" style=\"aspect-ratio:4\/3;object-fit:cover\" srcset=\"https:\/\/villamarinaoasis.es\/wp-content\/uploads\/2024\/06\/IMG_20210925_073429-scaled.jpg 2560w, https:\/\/villamarinaoasis.es\/wp-content\/uploads\/2024\/06\/IMG_20210925_073429-300x135.jpg 300w, https:\/\/villamarinaoasis.es\/wp-content\/uploads\/2024\/06\/IMG_20210925_073429-1024x461.jpg 1024w, https:\/\/villamarinaoasis.es\/wp-content\/uploads\/2024\/06\/IMG_20210925_073429-768x346.jpg 768w, https:\/\/villamarinaoasis.es\/wp-content\/uploads\/2024\/06\/IMG_20210925_073429-1536x691.jpg 1536w, https:\/\/villamarinaoasis.es\/wp-content\/uploads\/2024\/06\/IMG_20210925_073429-2048x922.jpg 2048w\" sizes=\"auto, (max-width: 2560px) 100vw, 2560px\" \/><\/figure>\n<\/div>\n<\/div>\n<\/div>\n\n\n\n<div class=\"wp-block-group alignfull has-accent-5-background-color has-background has-global-padding is-layout-constrained wp-container-core-group-is-layout-d89aad35 wp-block-group-is-layout-constrained\" style=\"margin-top:0;margin-bottom:0;padding-top:var(--wp--preset--spacing--50);padding-right:var(--wp--preset--spacing--50);padding-bottom:var(--wp--preset--spacing--50);padding-left:var(--wp--preset--spacing--50)\">\n<div style=\"height:24px\" aria-hidden=\"true\" class=\"wp-block-spacer\"><\/div>\n\n\n\n<div class=\"wp-block-columns alignwide is-layout-flex wp-container-core-columns-is-layout-1da03c2a wp-block-columns-is-layout-flex\">\n<div class=\"wp-block-column is-vertically-aligned-center is-layout-flow wp-block-column-is-layout-flow\" style=\"flex-basis:60%\">\n<figure class=\"wp-block-image size-full is-style-default wp-duotone-unset-3\"><img loading=\"lazy\" decoding=\"async\" width=\"2560\" height=\"1922\" src=\"https:\/\/villamarinaoasis.es\/wp-content\/uploads\/2024\/06\/IMG_20210822_201435-scaled.jpg\" alt=\"\" class=\"wp-image-110\" style=\"aspect-ratio:4\/3;object-fit:cover\" srcset=\"https:\/\/villamarinaoasis.es\/wp-content\/uploads\/2024\/06\/IMG_20210822_201435-scaled.jpg 2560w, https:\/\/villamarinaoasis.es\/wp-content\/uploads\/2024\/06\/IMG_20210822_201435-300x225.jpg 300w, https:\/\/villamarinaoasis.es\/wp-content\/uploads\/2024\/06\/IMG_20210822_201435-1024x769.jpg 1024w, https:\/\/villamarinaoasis.es\/wp-content\/uploads\/2024\/06\/IMG_20210822_201435-768x577.jpg 768w, https:\/\/villamarinaoasis.es\/wp-content\/uploads\/2024\/06\/IMG_20210822_201435-1536x1153.jpg 1536w, https:\/\/villamarinaoasis.es\/wp-content\/uploads\/2024\/06\/IMG_20210822_201435-2048x1538.jpg 2048w\" sizes=\"auto, (max-width: 2560px) 100vw, 2560px\" \/><\/figure>\n<\/div>\n\n\n\n<div class=\"wp-block-column is-layout-flow wp-block-column-is-layout-flow\" style=\"flex-basis:40%\">\n<h3 class=\"wp-block-heading\">Playa Flamingo<\/h3>\n\n\n\n<p><\/p>\n\n\n\n<p>Playa Flamingo es una encantadora playa situada cerca de Playa Blanca, perfecta para disfrutar de la belleza natural de Lanzarote. Est\u00e1 a tan solo <strong>8 minutos en coche<\/strong> de Villa Marina Oasis.<\/p>\n\n\n\n<p><\/p>\n\n\n\n<ul class=\"wp-block-list\">\n<li><strong>Entorno Natural:<\/strong> Rodeada de jardines y con una pasarela que facilita el acceso, Playa Flamingo es ideal para pasear y relajarse.<\/li>\n\n\n\n<li><strong>Familias Bienvenidas:<\/strong> Sus aguas calmadas son perfectas para que los ni\u00f1os jueguen con seguridad.<\/li>\n\n\n\n<li><strong>Instalaciones:<\/strong> Cuenta con duchas, hamacas y sombrillas para una experiencia de playa c\u00f3moda y agradable.<\/li>\n<\/ul>\n\n\n\n<div class=\"wp-block-buttons is-layout-flex wp-block-buttons-is-layout-flex\"><\/div>\n<\/div>\n<\/div>\n<\/div>\n","protected":false},"excerpt":{"rendered":"<p>La isla Lanzarote, una de las joyas de las Islas Canarias, es el destino ideal para unas vacaciones inolvidables. Con sus impresionantes paisajes volc\u00e1nicos, playas de arena dorada y un clima envidiable durante todo el a\u00f1o, Lanzarote ofrece una experiencia \u00fanica para todos los viajeros. \u00bfPor Qu\u00e9 Elegir Lanzarote? Clima Perfecto Todo el A\u00f1o Lanzarote [&hellip;]<\/p>\n","protected":false},"author":2,"featured_media":0,"parent":0,"menu_order":0,"comment_status":"closed","ping_status":"closed","template":"","meta":{"footnotes":""},"class_list":["post-41","page","type-page","status-publish","hentry"],"_links":{"self":[{"href":"https:\/\/villamarinaoasis.es\/index.php\/wp-json\/wp\/v2\/pages\/41","targetHints":{"allow":["GET"]}}],"collection":[{"href":"https:\/\/villamarinaoasis.es\/index.php\/wp-json\/wp\/v2\/pages"}],"about":[{"href":"https:\/\/villamarinaoasis.es\/index.php\/wp-json\/wp\/v2\/types\/page"}],"author":[{"embeddable":true,"href":"https:\/\/villamarinaoasis.es\/index.php\/wp-json\/wp\/v2\/users\/2"}],"replies":[{"embeddable":true,"href":"https:\/\/villamarinaoasis.es\/index.php\/wp-json\/wp\/v2\/comments?post=41"}],"version-history":[{"count":5,"href":"https:\/\/villamarinaoasis.es\/index.php\/wp-json\/wp\/v2\/pages\/41\/revisions"}],"predecessor-version":[{"id":133,"href":"https:\/\/villamarinaoasis.es\/index.php\/wp-json\/wp\/v2\/pages\/41\/revisions\/133"}],"wp:attachment":[{"href":"https:\/\/villamarinaoasis.es\/index.php\/wp-json\/wp\/v2\/media?parent=41"}],"curies":[{"name":"wp","href":"https:\/\/api.w.org\/{rel}","templated":true}]}}